6?
False
Is 728 a multiple of 44?
False
Does 37 divide 2654?
False
Is 14 a factor of 840?
True
Is 9 a factor of 3379?
False
Is 569 a multiple of 29?
False
Is 884 a multiple of 25?
False
Is 1599 a multiple of 13?
True
Does 70 divide 29050?
True
Is 26 a factor of 78?
True
Is 39 a factor of 3131?
False
Is 37 a factor of 6512?
True
Is 51 a factor of 354?
False
Does 52 divide 11388?
True
Is 7176 a multiple of 23?
True
Is 8302 a multiple of 202?
False
Does 21 divide 698?
False
Is 38 a factor of 3686?
True
Is 6715 a multiple of 85?
True
Is 10 a factor of 1030?
True
Does 31 divide 3875?
True
Is 1525 a multiple of 2?
False
Does 44 divide 5391?
False
Does 3 divide 1302?
True
Is 11655 a multiple of 111?
True
Does 7 divide 11683?
True
Is 7546 a multiple of 10?
False
Is 157 a multiple of 25?
False
Does 41 divide 120?
False
Is 4 a factor of 1520?
True
Does 9 divide 1246?
False
Does 37 divide 5679?
False
Is 517 a multiple of 15?
False
Is 38021 a multiple of 197?
True
Does 37 divide 507?
False
Is 9 a factor of 472?
False
Is 2693 a multiple of 22?
False
Does 20 divide 39316?
False
Is 308 a multiple of 11?
True
Does 13 divide 364?
True
Is 76 a factor of 27360?
True
Is 3723 a multiple of 219?
True
Does 45 divide 26886?
False
Is 840 a multiple of 60?
True
Is 312 a multiple of 3?
True
Is 2 a factor of 53?
False
Is 76 a multiple of 3?
False
Is 12122 a multiple of 15?
False
Is 4135 a multiple of 30?
False
Does 39 divide 663?
True
Does 26 divide 6058?
True
Is 59610 a multiple of 21?
False
Is 313 a multiple of 13?
False
Is 1030 a multiple of 12?
False
Is 2 a factor of 1164?
True
Is 1044 a multiple of 18?
True
Is 45 a factor of 7515?
True
Is 76 a factor of 17269?
False
Is 262 a factor of 45329?
False
Is 5 a factor of 2830?
True
Is 25 a factor of 3342?
False
Does 20 divide 31312?
False
Is 10248 a multiple of 7?
True
Does 20 divide 2640?
True
Does 49 divide 6517?
True
Is 10 a factor of 500?
True
Does 20 divide 33729?
False
Is 120 a multiple of 60?
True
Is 2989 a multiple of 61?
True
Is 143 a factor of 12727?
True
Does 5 divide 21?
False
Does 6 divide 309?
False
Is 541 a multiple of 9?
False
Is 2476 a multiple of 14?
False
Is 87174 a multiple of 29?
True
Is 24 a factor of 2280?
True
Is 84 a factor of 387?
False
Is 16 a multiple of 3?
False
Is 1625 a multiple of 16?
False
Is 28 a factor of 1508?
False
Does 6 divide 2260?
False
Does 8 divide 186?
False
Is 265 a factor of 46135?
False
Does 17 divide 11146?
False
Does 68 divide 11220?
True
Is 5310 a multiple of 59?
True
Is 2323 a multiple of 5?
False
Is 36 a factor of 1958?
False
Does 13 divide 4930?
False
Is 2816 a multiple of 32?
True
Does 35 divide 29034?
False
Does 15 divide 2565?
True
Does 18 divide 1854?
True
Does 71 divide 5425?
False
Is 12 a factor of 431?
False
Does 6 divide 43859?
False
Does 35 divide 87290?
True
Is 16330 a multiple of 46?
True
Is 6269 a multiple of 3?
False
Does 15 divide 990?
True
Does 50 divide 57270?
False
Is 9 a factor of 48?
False
Does 7 divide 742?
True
Does 18 divide 7478?
False
Is 9442 a multiple of 4?
False
Is 3780 a multiple of 15?
True
Is 1933 a multiple of 2?
False
Is 1045 a multiple of 34?
False
Is 1311 a multiple of 19?
True
Is 100 a multiple of 4?
True
Is 2036 a multiple of 2?
True
Is 902 a multiple of 24?
False
Is 10 a factor of 8530?
True
Is 81 a factor of 55566?
True
Is 465 a multiple of 6?
False
Is 387 a multiple of 17?
False
Is 40 a factor of 59680?
True
Does 3 divide 211?
False
Is 90300 a multiple of 75?
True
Is 1755 a multiple of 28?
False
Does 14 divide 1596?
True
Is 13 a factor of 105?
False
Is 59 a factor of 236?
True
Is 10724 a multiple of 129?
False
Does 10 divide 161320?
True
Is 37 a factor of 5414?
False
Is 59 a factor of 18730?
False
Is 52 a factor of 1285?
False
Is 19838 a multiple of 13?
True
Is 9212 a multiple of 14?
True
Is 1447 a multiple of 32?
False
Is 95 a factor of 1250?
False
Does 7 divide 287?
True
Is 16071 a multiple of 9?
False
Is 7 a factor of 1155?
True
Is 9 a factor of 13896?
True
Is 128 a multiple of 6?
False
Is 2075 a multiple of 25?
True
Does 8 divide 448?
True
Does 89 divide 712?
True
Is 16 a factor of 4412?
False
Is 20984 a multiple of 8?
True
Is 33075 a multiple of 35?
True
Is 21 a factor of 2835?
True
Is 11 a factor of 209?
True
Is 580 a multiple of 85?
False
Is 8533 a multiple of 138?
False
Is 242 a multiple of 22?
True
Is 6661 a multiple of 5?
False
Does 12 divide 76860?
True
Is 54 a factor of 1188?
True
Is 5 a factor of 3917?
False
Is 76 a multiple of 22?
False
Is 39 a factor of 626?
False
Is 26 a factor of 106?
False
Does 4 divide 148?
True
Does 93 divide 372?
True
Is 13185 a multiple of 293?
True
Is 72 a factor of 1505?
False
Does 19 divide 9497?
False
Does 12 divide 528?
True
Is 38 a factor of 806?
False
Is 14 a factor of 308?
True
Is 20 a factor of 2395?
False
Is 13565 a multiple of 188?
False
Is 21143 a multiple of 152?
False
Is 2900 a multiple of 10?
True
Does 37 divide 1041?
False
Does 27 divide 697?
False
Is 64 a factor of 4672?
True
Is 17 a factor of 323?
True
Is 14128 a multiple of 16?
True
Is 97 a factor of 18898?
False
Is 48 a factor of 7923?
False
Does 3 divide 402?
True
Is 606 a multiple of 14?
False
Is 6972 a multiple of 6?
True
Is 171 a factor of 66950?
False
Is 32 a factor of 14976?
True
Does 4 divide 79?
False
Does 111 divide 9546?
True
Is 22834 a multiple of 98?
True
Is 6291 a multiple of 15?
False
Is 11139 a multiple of 5?
False
Is 10161 a multiple of 18?
False
Does 17 divide 2996?
False
Does 99 divide 198?
True
Is 2413 a multiple of 23?
False
Does 15 divide 1035?
True
Is 1230 a multiple of 10?
True
Does 173 divide 65740?
True
Is 61 a factor of 26901?
True
Does 12 divide 14724?
True
Does 9 divide 729?
True
Is 792 a multiple of 11?
True
Does 10 divide 1220?
True
Does 19 divide 20463?
True
Is 6 a factor of 4936?
False
Is 755 even?
False
Is 22 a factor of 933?
False
Is 63138 a multiple of 8?
False
Does 10 divide 41639?
False
Does 229 divide 100531?
True
Does 45 divide 239?
False
Is 47 a factor of 1089?
False
Does 15 divide 132345?
True
Is 16 a factor of 2678?
False
Is 360 a factor of 20520?
True
Is 41 a factor of 18266?
False
Does 84 divide 1323?
False
Is 25 a factor of 555?
False
Is 15 a factor of 92481?
False
Is 112 a factor of 15487?
False
Is 12838 a multiple of 49?
True
Does 20 divide 2120?
True
Is 820 a multiple of 20?
True
Is 61 a factor of 2440?
True
Is 47 a factor of 1264?
False
Does 205 divide 3635?
False
Does 51 divide 2142?
True
Does 5 divide 5505?
True
Is 340 a multiple of 40?
False
Is 9 a factor of 32003?
False
Is 5477 a multiple of 6?
False
Is 5 a factor of 130?
True
Is 924 a multiple of 33?
True
Does 14 divide 702?
False
Is 25494 a multiple of 42?
True
Does 22 divide 549?
False
Does 17 divide 7786?
True
Does 65 divide 8006?
False
Is 6090 a multiple of 15?
True
Does 42 divide 10913?
False
Is 25 a factor of 225?
True
Is 119 a factor of 3494?
False
Does 33 divide 24769?
False
Is 52 a factor of 1404?
True
Is 3031 a multiple of 10?
False
Does 26 divide 3995?
False
Is 23 a factor of 16948?
False
Is 9 a factor of 1475?
False
Does 41 divide 11133?
False
Is 19 a factor of 1748?
True
Is 53 a factor of 1261?
False
Is 748 a multiple of 11?
True
Is 56 a factor of 6845?
False
Is 33048 a multiple of 36?
True
Is 14 a factor of 134?
False
Is 30 a factor of 1440?
True
Is 407 a multiple of 7?
False
Is 17862 a multiple of 78?
True
Is 12 a factor of 4476?
True
Does 11 divide 152?
False
Is 54 a factor of 594?
True
Does 42 divide 4452?
True
Does 2 divide 501?
False
Is 8 a factor of 2992?
True
Does 25 divide 11963?
False
Is 103068 a multiple of 42?
True
Is 180 a factor of 39780?
True
Is 16 a factor of 25515?
False
Is 9 a factor of 473?
False
Is 12 a factor of 10428?
True
Is 236 a multiple of 31?
False
Is 3 a factor of 9873?
True
Is 23 a factor of 380?
False
Is 204 a factor of 16441?
False
Is 54250 a multiple of 217?
True
Is 360 a multiple of 6?
True
Is 3194 a multiple of 69?
False
Does 135 divide 34559?
False
Is 8 a factor of 672?
True
Is 209 a multiple of 19?
True
Does 21 divide 1008?
True
Is 25 a factor of 407?
False
Is 1751 a multiple of 8?
False
Is 17 a factor of 1462?
True
Does 11 divide 61985?
True
Does 47 divide 2422?
False
Is 585 a multiple of 113?
False
Is 44 a factor of 1573?
False
Does 175 divide 4145?
False
Is 6 a fact